True
Does 51 divide 780165127?
False
Does 1026 divide 303645473?
False
Is 6 a factor of 65815956?
True
Is 517 a factor of 9367523?
True
Is 47 a factor of 1754181?
True
Is 2851896174 a multiple of 7?
False
Does 15 divide 310557099?
False
Is 135044910 a multiple of 234?
True
Does 154 divide 539990708?
False
Is 4264 a factor of 5609781194?
False
Does 456 divide 38086488?
True
Is 567 a factor of 31496283?
True
Is 1841 a factor of 63405881?
True
Is 994566894 a multiple of 2717?
False
Is 83072000 a multiple of 4400?
True
Is 6098625679 a multiple of 294?
False
Does 85 divide 2111285172?
False
Is 85801715 a multiple of 132?
False
Is 968743100 a multiple of 13?
True
Does 356 divide 278194955?
False
Is 830916253 a multiple of 84?
False
Is 27 a factor of 205579129?
False
Is 950936952 a multiple of 28?
True
Does 1169 divide 17663590?
True
Is 11989884 a multiple of 276?
False
Does 5 divide 5509030?
True
Does 543 divide 196901031?
True
Is 13656182 a multiple of 65?
False
Does 182 divide 27894048?
True
Does 684 divide 40856004?
True
Does 135 divide 56428233?
False
Does 4927 divide 5832492434?
False
Is 302710655 a multiple of 34?
False
Is 45 a factor of 223432763?
False
Is 23387400 a multiple of 610?
True
Does 579 divide 1614001293?
True
Is 66859756 a multiple of 229?
True
Is 586 a factor of 1044826866?
True
Is 217675099 a multiple of 101?
True
Does 35 divide 2469204551?
False
Does 325 divide 4210919?
False
Does 29 divide 25280511?
False
Is 8 a factor of 182654016?
True
Is 2012 a factor of 328501916?
False
Is 44006252 a multiple of 51?
False
Is 4568 a factor of 129732272?
False
Is 588 a factor of 109556890?
False
Does 2 divide 2681419?
False
Is 113 a factor of 376034319?
False
Does 1372 divide 45061181?
False
Is 9560416 a multiple of 8?
True
Is 17746944 a multiple of 512?
True
Is 177 a factor of 9979968?
True
Does 9817 divide 2595589214?
False
Is 147 a factor of 22288728?
True
Is 1334945026 a multiple of 2038?
True
Does 3 divide 46428970?
False
Does 19 divide 1298582911?
True
Is 3232 a factor of 31789952?
True
Is 69117474 a multiple of 29?
False
Does 2208 divide 18412512?
True
Does 145 divide 21917910?
True
Is 2055743319 a multiple of 2571?
True
Does 1018 divide 2976748780?
False
Is 341889276 a multiple of 3?
True
Is 1554064 a multiple of 8?
True
Is 65 a factor of 305540040?
True
Is 3348 a factor of 951167848?
False
Is 2215 a factor of 34449895?
True
Does 178 divide 254953316?
True
Is 147595485 a multiple of 2511?
False
Is 1197 a factor of 52355583?
True
Does 106 divide 286439878?
True
Does 401 divide 5139673942?
True
Is 183 a factor of 147099243?
True
Is 63354109 a multiple of 271?
True
Is 85962443 a multiple of 4?
False
Is 1359946665 a multiple of 15?
True
Does 912 divide 181361232?
True
Is 313 a factor of 9856057?
True
Is 21992968 a multiple of 184?
True
Does 6 divide 5056612?
False
Is 34 a factor of 625763458?
False
Is 172 a factor of 35889864?
True
Is 257838575 a multiple of 635?
True
Is 67 a factor of 44039301?
True
Is 1031109600 a multiple of 12?
True
Is 37 a factor of 368342750?
False
Is 1197 a factor of 68840667?
True
Is 16 a factor of 319007308?
False
Is 155 a factor of 3432485504?
False
Is 1453 a factor of 16943433?
True
Is 12623354 a multiple of 47?
True
Does 31 divide 18012767?
True
Is 32748276 a multiple of 66?
True
Is 58 a factor of 934357541?
False
Does 9 divide 17344224?
True
Is 436 a factor of 281416636?
True
Does 738 divide 142026503?
False
Does 42 divide 56790468?
True
Does 144 divide 625720354?
False
Is 11137950 a multiple of 25?
True
Is 2 a factor of 12878704?
True
Is 216136384 a multiple of 1144?
False
Is 807 a factor of 236194531?
False
Is 173 a factor of 163327051?
True
Does 4 divide 1211509?
False
Is 1439641294 a multiple of 60?
False
Does 1014 divide 494806650?
True
Does 6 divide 33579642?
True
Does 11 divide 215795287?
False
Does 2818 divide 128344097?
False
Is 9113744 a multiple of 62?
False
Is 417822295 a multiple of 160?
False
Is 3 a factor of 54837537?
True
Does 3 divide 7369324?
False
Is 271417705 a multiple of 35?
False
Is 673389311 a multiple of 40?
False
Is 57 a factor of 16241067?
True
Is 1062 a factor of 63952578?
True
Is 66 a factor of 26617422?
False
Is 3521845392 a multiple of 48?
True
Does 21 divide 581462802?
False
Is 45 a factor of 43358850?
True
Is 1149062715 a multiple of 171?
True
Is 270911094 a multiple of 129?
True
Is 220 a factor of 3302533740?
True
Does 33 divide 974468220?
True
Is 1404196260 a multiple of 102?
True
Is 100685508 a multiple of 8?
False
Is 465659493 a multiple of 9?
False
Is 132628104 a multiple of 648?
True
Is 99 a factor of 2562516?
True
Does 23 divide 62274527?
False
Is 251332494 a multiple of 96?
False
Is 25 a factor of 21378501?
False
Is 26493728 a multiple of 16?
True
Is 231898880 a multiple of 1840?
True
Is 340 a factor of 845726540?
True
Is 2117 a factor of 2095271112?
True
Is 478 a factor of 144860290?
True
Is 5 a factor of 483502350?
True
Is 2671826726 a multiple of 34?
True
Does 4 divide 19324139?
False
Does 22 divide 4736943?
False
Is 82 a factor of 89561548?
True
Is 995 a factor of 56924669?
False
Is 18 a factor of 116359561?
False
Is 46 a factor of 142455376?
True
Does 7 divide 40375460?
False
Is 46 a factor of 4048408?
False
Is 18 a factor of 23306040?
True
Is 540 a factor of 26267170?
False
Is 14663708 a multiple of 428?
True
Is 11 a factor of 133093000?
False
Does 512 divide 79960576?
True
Is 4119920796 a multiple of 5824?
False
Is 858 a factor of 1702401558?
True
Does 52 divide 222974002?
False
Is 11 a factor of 113260381?
False
Is 8 a factor of 1674164568?
True
Is 1838 a factor of 930407731?
False
Is 23 a factor of 133881323?
False
Is 183 a factor of 361380348?
True
Is 97 a factor of 104558478?
False
Is 3261 a factor of 1588217874?
True
Is 1142 a factor of 852545254?
True
Is 40745940 a multiple of 860?
True
Is 1647 a factor of 12616020?
True
Does 9 divide 666575546?
False
Is 3356 a factor of 314749172?
True
Does 11 divide 351017458?
True
Is 214397467 a multiple of 23?
True
Does 2940 divide 2922730440?
True
Is 50248940 a multiple of 86?
True
Is 152327649 a multiple of 274?
False
Does 23 divide 23780666?
True
Is 88334212 a multiple of 55?
False
Is 95144350 a multiple of 35?
True
Is 400 a factor of 48755651?
False
Does 633 divide 182314128?
True
Does 634 divide 1588590?
False
Is 8127975 a multiple of 290?
False
Does 29 divide 117712968?
False
Does 10 divide 31176146?
False
Is 175 a factor of 997140601?
False
Does 1206 divide 523460682?
True
Is 229851413 a multiple of 619?
True
Does 8 divide 133687144?
True
Is 14353178 a multiple of 7?
True
Does 4136 divide 3771097395?
False
Is 33 a factor of 4382070?
True
Is 580 a factor of 1084988599?
False
Is 6471 a factor of 2175185693?
False
Is 5127 a factor of 260441346?
True
Is 56 a factor of 63733727?
False
Does 38 divide 440400746?
False
Is 2208235531 a multiple of 1530?
False
Does 10 divide 443464770?
True
Is 327762140 a multiple of 8085?
False
Is 267215380 a multiple of 382?
False
Is 395767400 a multiple of 175?
True
Does 5 divide 1375890305?
True
Does 426 divide 252710864?
False
Is 32 a factor of 216909295?
False
Is 12 a factor of 28069205?
False
Is 2022 a factor of 309668896?
False
Is 14 a factor of 54507157?
False
Is 1728924566 a multiple of 239?
True
Is 224 a factor of 85143520?
True
Is 12636344 a multiple of 1004?
True
Is 13 a factor of 15234297?
True
Is 15053822 a multiple of 80?
False
Is 32637730 a multiple of 62?
True
Is 1087894576 a multiple of 388?
True
Is 50 a factor of 72064750?
True
Is 81080784 a multiple of 16?
True
Is 37 a factor of 71326085?
False
Is 22666267 a multiple of 30?
False
Is 40134050 a multiple of 550?
True
Does 100 divide 158211700?
True
Does 9 divide 5277551?
False
Is 39761103 a multiple of 177?
True
Does 47 divide 302467785?
False
Is 8980183 a multiple of 26?
False
Is 26 a factor of 238322729?
False
Is 111 a factor of 1882003?
False
Does 514 divide 269421324?
True
Is 2220 a factor of 478137495?
False
Is 33145120 a multiple of 32?
True
Does 31 divide 11689139?
True
Is 64 a factor of 50717665?
False
Is 582 a factor of 64549864?
False
Is 43722441 a multiple of 12?
False
Is 897658630 a multiple of 55?
True
Is 17 a factor of 1525824545?
True
Is 37 a factor of 9077256?
False
Is 639258735 a multiple of 18?
F